at is the units digit of l(x)?
1
Let n(u) be the second derivative of -1/2*u**2 + 1/12*u**4 + 0 + 0*u**3 + 2*u. What is the units digit of n(-2)?
3
Let t = -88 + 180. What is the tens digit of t?
9
Suppose -4*p + 9 = 65. Let t = -7 + p. What is the units digit of t*(-2)/3 - 3?
1
Let z be (-1)/(1/(-2)) + -7. Let w = 6 + z. What is the units digit of w?
1
Let i be (-96)/9*3/(-2). Suppose 0*q - i = -2*q. What is the units digit of q?
8
Suppose -5*h - 6*g = -g - 305, 4*h = -5*g + 241. What is the units digit of h?
4
Let t(k) = -k - 10. Let y be t(-6). What is the tens digit of (-345)/(-20) + 1/y?
1
Let q be 1 + 0 + 1 + -8. Let x(u) = -55*u - 1. Let o be x(q). What is the tens digit of o/35 - 6/(-10)?
1
Suppose 4*y - 152 = 2*d, 4*d + 3 + 5 = 0. Suppose 0 = -5*a + y + 73. What is the units digit of a?
2
Let k be 10/(1*(1 + -2)). What is the units digit of -6*(-4)/(-48)*k?
5
Let s be (2 + (-2)/2)*-1. Suppose 0 = -4*l - 4, 4*w + 29 + 0 = -5*l. What is the units digit of (-50)/w + s/3?
8
Let t(c) = -c**3 - 5*c**2 + 5*c - 1. Let a be t(-6). Let b be (a - 3)/2*3. What is the units digit of 25/3 - (-2)/b?
9
Suppose -3*g + 31 = f, -2*f + 2*g = -f - 21. What is the tens digit of f?
2
Let d(w) = 2*w**2 - 5*w + 1. Let v be (-80)/(-45) + (-4)/(-18). Let f = 2 + v. What is the tens digit of d(f)?
1
Let h = -90 - -274. What is the units digit of h?
4
Let y = 11 + -6. Suppose 11 - 36 = -y*q. Let a = 1 + q. What is the units digit of a?
6
Suppose -2*f = -6*f - 3*y + 44, 0 = 2*y - 8. Suppose 2*u - f = -0*u. What is the units digit of 2 + 1 + (3 - u)?
2
Let j be 1*(-2)/(-2)*11. Suppose 3 = -2*l + j. What is the units digit of (20/(-15))/(l/(-6))?
2
Suppose -10 = -4*k - 2. Let n(m) = 0*m**2 - m**3 + 4*m**k + m**2 + 7*m. What is the units digit of n(6)?
6
Suppose -g - 2 + 6 = 0. What is the units digit of g?
4
Let x(u) = -u**3 + 6*u**2 + 3*u - 9. Let h(y) = 2*y**2 - 2*y. Let r be h(-2). Suppose 0*t - r = -2*t. What is the units digit of x(t)?
9
Let m be (-3)/2 + 15/10. Suppose 5*g - 25 = -m*a - 3*a, 5 = -a. What is the units digit of g?
8
Let z(c) = -4*c - 12. Let a be z(-8). Suppose 2*d - 6*d + a = 0. Let o = -2 + d. What is the units digit of o?
3
Suppose 2*k - 117 = -k. Suppose -2*f + u + k = 0, -31 + 6 = -5*u. What is the units digit of f?
2
Suppose 2*l + 378 + 378 = 3*x, -l = -4*x + 1003. What is the units digit of x?
0
Let q be (3 - 1*-4) + -3. Suppose -1 = -q*g + 3. What is the units digit of g?
1
Let i(z) = -z**3 + 10*z**2 + 16*z - 6. What is the tens digit of i(11)?
4
What is the units digit of 12/(-90) - 1384/(-30)?
6
Let h(o) = o + 22. Let z be h(0). Suppose -2*v = 3*b + 6 + 7, -5*v = 4*b + z. What is the units digit of (-3)/b*1*14?
4
Let z = 33 + -19. What is the tens digit of z?
1
Suppose -3*b = -2*x - 72, 5*b - 14 = 4*b + 4*x. Suppose -b = -5*h - 6. Suppose 2*o = 2*g - 22, -h*g - o + 44 = 3*o. What is the tens digit of g?
1
Let x be -1 + 5 + (-4)/(-2). Let a be (20/(-6))/((-2)/x). Suppose 2*r - 2 = 0, a = -3*g + 3*r + 28. What is the units digit of g?
7
Suppose 0 = n - 6*n + 25. Suppose 0 = n*y - 35. What is the units digit of y?
7
Suppose -2*d + 22 = -2*g, -5*d - 2*g = 2*g - 82. What is the units digit of d?
4
Let y = -142 - -260. What is the tens digit of y?
1
Let x(d) = -5*d - 6. Let c be x(-8). Let u = -24 + c. What is the units digit of u?
0
Suppose 4*p = 3*p. Let z be (p - (-3)/3)*-19. Let x = z + 27. What is the units digit of x?
8
Let w be 3*3/3*-1. Let n = w + 8. What is the units digit of n?
5
Let w = 17 - 15. Suppose -g - 92 = -4*x - 4*g, 0 = w*g. What is the tens digit of x?
2
Let t(k) = 9*k**2 - k + 2. Let a be t(-2). Suppose a = n + 4*n. Suppose -15 = 3*r - n*r. What is the units digit of r?
3
Let r = 32 + 81. What is the hundreds digit of r?
1
Suppose 5*g = 25, 2*g - 40 = -4*w - 2*g. Let n(v) = -v + v**2 + 7 - 3*v + 0*v**2. What is the units digit of n(w)?
2
Let q(d) = 3*d - 5. Let f be q(6). Let o = -16 - -14. Let r = f + o. What is the units digit of r?
1
Suppose 2*j - 5*o = 3, 0*o - 5*o + 17 = 3*j. Suppose 2 = g + 5*z, 4*g - 48 - 8 = j*z. What is the units digit of g?
2
Let u = 4 - 3. Let c(i) = i. Let f(z) = 5. Let b(h) = u*c(h) + f(h). What is the units digit of b(0)?
5
Let r(o) = o + 10. Suppose 3*m + 36 = 3*t, 4*m - 3*t + 43 = -0*m. Let w be r(m). Suppose 4 = g + w. What is the units digit of g?
1
Let h = -3 + 5. Suppose -h*l + 36 = -8. What is the units digit of l?
2
Let t = 5 - -14. What is the units digit of t?
9
What is the units digit of (-29 + 34)/(1/5)?
5
Let x(z) = z**3 - 6*z**2 + 2*z - 9. Let g(q) = -q**2 + 1. Let s(y) = g(y) + x(y). What is the units digit of s(7)?
6
Let g = -1 + 12. Suppose -2*a - k = -10, -k - g = 4*a - 29. What is the units digit of a?
4
Let b(j) = j**3 - 5*j**2 - 7*j + 7. Let t be b(6). Let x(g) = -g**2 + 10*g - 9. Let o be x(9). Let q = t - o. What is the units digit of q?
1
Let k = -259 + 401. What is the hundreds digit of k?
1
Let u = -53 - -159. What is the units digit of u?
6
Let f be (4/2 - -6)/(-1). Let m be ((-3)/(-6))/((-2)/f). Suppose -4 = m*d - 20. What is the units digit of d?
8
Let f(x) = -x**3 - 8*x**2 + 9. Let h be f(-8). Let s = -4 + h. What is the units digit of s?
5
Suppose 2*i = -3*i + 195. What is the tens digit of i?
3
What is the units digit of (-6)/(-30) - ((-10431)/15)/3?
2
Let y = -56 - -32. Let r = y + 54. What is the units digit of r?
0
Let k(g) = -g**2 + 6*g - 7. Let z(j) = j - 1. Let f(i) = k(i) + 3*z(i). Let u be f(8). Let d = -1 - u. What is the units digit of d?
1
Let s(t) = t**3 + 7*t**2 + 4. Let z be s(-4). Suppose -3*i + z + 6 = -w, 2*w = 4. Suppose -3*k = -i - 19. What is the units digit of k?
3
Let i = 19 - 16. Suppose 2*z = -i*x + 10, -3*x - x = 3*z - 14. What is the units digit of z?
2
Let x(d) = -d**3 - 9*d**2 - 9*d - 6. Let b be x(-8). Suppose -27 = -b*f - f. What is the units digit of f?
9
What is the units digit of ((14/6)/7)/(1/111)?
7
Let n = -9 - -18. Suppose -2*g = 2*w + 2*g + 8, 3*g = -4*w + n. Suppose w*x - 12 = 3*x. What is the units digit of x?
4
Let i be 2 - (-24)/(-1) - -1. Let h be (-2 - -1)/(3/i). What is the units digit of (-6)/(-21) + 33/h?
5
Let f be ((-2)/3)/((-8)/(-24)). Let q be (f - -5)/(0 - -3). Let v(l) = 17*l**3 - l**2 + l - 1. What is the tens digit of v(q)?
1
Let g = 3 + -1. What is the units digit of g?
2
Let r = 2 - 2. Let i(q) be the third derivative of -q**5/60 - q**4/24 + 5*q**3/6 - 2*q**2. What is the units digit of i(r)?
5
Suppose 2*l - 98 = 3*n, 5*l - 245 = n - 0*n. Let y = 77 - l. What is the units digit of y?
8
Let a = 81 - 47. What is the units digit of a?
4
Let o = 3 - 5. What is the units digit of o/(-5) + 86/10?
9
Suppose 5*y = -5*z + 520, -z + 3*y = z - 203. What is the tens digit of z?
0
Suppose -6*t = -2*t - 136. What is the tens digit of t?
3
Suppose k = -k + 4. Let b be 3/(-6) - (-5)/k. Suppose b*p = -2 + 14. What is the units digit of p?
6
Let c = -11 + 13. Suppose -c*l + 32 = -16. What is the units digit of l?
4
What is the tens digit of (-25 - 1)*1/(-1)?
2
Suppose 0 = 2*m + m - 12. Suppose k - 34 - 36 = 5*z, 3*k = m*z + 177. Suppose -k = -5*g + 5*p, 2*g + 25 = 4*g - 3*p. What is the units digit of g?
8
Suppose 0 = -5*y - 20, 6*k - 4*k - 8 = 2*y. Suppose -4*v + 4*b + 72 = k, 0*v = v - 5*b - 18. What is the units digit of v?
8
Suppose 3*o = o - 5*w + 8, 0 = 4*o + 2*w - 48. What is the tens digit of o + 3/(3/(-3))?
1
Let o(n) = 2*n**2 + 4. Let u be o(5). Let k = u + -24. Suppose 7*x - k = 4*x. What is the units digit of x?
0
Suppose -4*y - 4*y = -224. Suppose 33 = q - y. What is the tens digit of q?
6
Suppose 5*j + 3*n - 548 = 0, j - 78 = 2*n + 42. What is the hundreds digit of j?
1
Suppose -5*b = 2*r - 9, 8*r - 13 = 3*r - 3*b. What is the units digit of r?
2
Let w(q) = q**2 - 2*q. What is the units digit of w(7)?
5
Suppose 0*x - 2*x + 10 = 5*c, 0 = x + 5*c - 10. Suppose x = -5*j + j - 64. Let l = -10 - j. What is the units digit of l?
6
Let q be (-3 + -4)*(-2)/7. Let u = 4 - q. What is the units digit of u?
2
Let t(v) = -v + 1. Let b be t(-1). What is the units digit of 3 - (-1)/(-2)*b?
2
Let l be (6 - 4)*(1 + 39). Suppose -m = m - l. Suppose -8*d + 4*d + m = 0. What is the tens digit of d?
1
Let p be 1 + 4 + -1*2. Suppose -p*l + 28 = 1. Suppose d - 14 = -4*k + k, l = k - 4*d. What is the units digit of k?
5
Sup